 and 41.
41
Let m(x) = 2*x + 2 - x + 2. Let u be m(-2). Let y be -1 - (3/3 - 20). What is the highest common divisor of u and y?
2
Suppose -o + 3*n - 16 = 0, -3*o + 2*o - 11 = -2*n. Let i = 7 - o. Calculate the greatest common divisor of 4 and i.
4
Let l(n) = 2*n**2 - 6*n + 2. Let s be l(4). What is the highest common factor of 20 and s?
10
Let f(w) = -w - 5. Let g be f(-7). Suppose 0*u - g*u + 6 = 0. Let c = u - -2. What is the highest common divisor of c and 55?
5
Let k be 9*((-40)/(-6))/2. Let x(s) = s**2 + 1 - 4*s**2 + 7*s**2 + 2 - s**3. Let m be x(3). Calculate the highest common factor of k and m.
6
Let l be 2 - (-1)/((-3)/(-102)). Calculate the greatest common factor of l and 24.
12
Let l be (0 - -1 - -6)*8. Let q(h) = -h**3 - 24*h**2 - 45*h - 14. Let t be q(-22). What is the greatest common factor of t and l?
8
Let i(g) = -4 - 2*g + 1 + 5*g. Let q be i(3). Suppose 0 = 2*t - q - 2. Calculate the greatest common divisor of 16 and t.
4
Let x be (-2)/(-4) - (-50)/(-4). Let l be (x/9)/(1/(-3)). Calculate the greatest common factor of l and 2.
2
Let r(g) = -2*g**3 - 24*g**2 - g - 9. Let v be r(-12). Let w be ((-1)/(-2))/(2/48). Calculate the greatest common divisor of w and v.
3
Let o be ((-1)/(-2))/(2/40). Let y be ((-30)/(-4))/((-33)/(-88)). What is the greatest common divisor of y and o?
10
Suppose -2*l - 15 = -3*l. Let x(t) = -t**2 + 5. Let q be x(0). Suppose -9 = -q*u + 141. What is the greatest common factor of u and l?
15
Let o be ((-9)/(-24))/((-5)/(-40)). Suppose -2*b + 62 = -5*h, -2*b - h = -o*b + 34. What is the greatest common factor of b and 9?
9
Suppose -5*a - 204 = -3*i, 2*i - 141 = 4*a + a. Let h(m) = 3*m - 1. Let y be h(5). Suppose -5*u + 7*u = y. Calculate the highest common factor of u and i.
7
Suppose -3*c + 2*r = 70, 3*c - 2*r = -r - 68. Let a = c + 15. Let y(l) = l**2 + 6*l + 7. Let u be y(a). What is the greatest common factor of u and 28?
14
Let p = -418 - -661. Let k = -133 + p. What is the highest common divisor of 10 and k?
10
Let o(q) = -q**3 - 3*q**2 + q + 4. Let l be o(-4). Calculate the greatest common divisor of l and 112.
16
Let d = 4 - 10. Let f be d/(-5)*(25 + 0). Calculate the greatest common factor of f and 6.
6
Let j(h) = h**2 - 3*h - 1. Let f be j(4). Suppose -3*q + r - 91 = 0, 4*q + 5*r = -q - 185. Let k = -23 - q. Calculate the highest common divisor of k and f.
3
Let b(v) = 3*v**3 - v**2 - 2*v + 1. Let i be b(-2). Let m = 1 + 33. Let k = i + m. Calculate the highest common divisor of k and 55.
11
Suppose 3*h - 45 - 249 = 0. Let a(w) = w**2 - 5*w + 8. Let b be 6/(-12) - 26/(-4). Let i be a(b). Calculate the greatest common divisor of h and i.
14
Let r be (11 - 5) + (-8)/(-2). Calculate the highest common factor of 10 and r.
10
Let f(u) = -u**2 - 8*u - 3. Let t be f(-5). Suppose 0*i = 3*i - 108. What is the highest common factor of i and t?
12
Suppose -2*v + 20 = -v. What is the highest common factor of 60 and v?
20
Suppose 2*r = r + 3. Suppose 2*w - 3 = 1. Suppose r*x - 29 = -w*t, -x + 4*t + 23 = -10. What is the greatest common divisor of 117 and x?
13
Let z be 1*(1 + (-2 - -1)). Suppose 5*t - 3 - 7 = z. Let l(v) = 5*v. Let h be l(4). Calculate the greatest common divisor of t and h.
2
Let n be 2/(-6)*(-2 + -1). Calculate the highest common divisor of n and 5.
1
Let o be 13*(-1 - 0)*-1. What is the greatest common factor of o and 104?
13
Let g = 118 + -79. Suppose -4*q = -3*q - 26. Calculate the highest common divisor of g and q.
13
Let o = -16 - -11. Let m be (-5)/(-2)*(-16)/o. What is the greatest common divisor of m and 2?
2
Let g = 145 - 257. Let y = g + 53. Let f = -31 - y. What is the greatest common divisor of f and 70?
14
Let y(k) = -2*k**3 + 2 - 5*k + 4*k**2 - 7 + 4*k + 3*k. Let h be y(-4). Suppose 0 = -5*q + 41 + h. Calculate the highest common factor of 4 and q.
4
Suppose 4*q - q + 111 = 5*g, 3*g = -2*q + 78. Suppose 2*r + 24 = -2*r. Let b = r + 12. What is the greatest common divisor of b and g?
6
Let l be (-1 + 50/14)*84. Calculate the greatest common factor of 24 and l.
24
Suppose 0 = -m + k - 2, 3*m - 2*k = 2 - 3. What is the greatest common factor of m and 3?
3
Let t = 18 + -5. Calculate the greatest common factor of t and 65.
13
Suppose 4*d + d - 55 = 0. Suppose -5*m - 2*l + 16 = 0, -m - 2*l + d = l. Suppose m*g - 33 - 21 = 0. What is the greatest common divisor of g and 3?
3
Let v = 80 - 50. Calculate the highest common factor of 20 and v.
10
Let m(d) be the first derivative of 3*d**4/4 - d**3 + d**2 - 2. Let q be m(2). Let w be 4/6*(216 - 0). What is the greatest common divisor of w and q?
16
Let u be 3 - ((-1 + 5)/4 - 3). Calculate the greatest common divisor of u and 20.
5
Let c = 13 - 7. Let s = 82 + c. Let j(x) = -x**3 + 2*x**2 + 2*x - 1. Let i be j(-2). Calculate the highest common divisor of s and i.
11
Let m(n) = -n**3 - 9*n**2 + 2*n. Let k be m(-10). What is the highest common factor of k and 32?
16
Let s = 46 - 33. Let f be (3/(-2))/((-10)/300). Let i = f + -32. Calculate the greatest common divisor of i and s.
13
Let s(c) = 9*c - 48. Let a be s(10). Calculate the highest common factor of a and 7.
7
Suppose 20 = -5*b, 0*u = -2*u - 3*b + 208. Suppose 5*v = -0 - u. Let h = -15 - v. What is the greatest common factor of h and 35?
7
Let p be ((-16)/(-5))/((-6)/(-30)). Let m(k) = -5*k + 2. Let c be m(-6). What is the greatest common divisor of c and p?
16
Suppose 0 = -a + 3*d + 64, -3*a + 2*d + 168 = 5*d. Let h be (6/18)/((-2)/(-174)). Calculate the highest common divisor of a and h.
29
Let v be (-6)/(-5)*15/6. Suppose 0 = -5*o + v*q + 139, 4*o - q + 0*q = 107. Suppose 7*j - 2*j - 195 = 0. What is the highest common factor of j and o?
13
Let c be ((-4)/(-6))/((-1)/3). Let x be 106/22 + c/(-11). Suppose -33 - 7 = -x*u. What is the highest common factor of 2 and u?
2
Let z = 1 + -50. Let k = -22 - z. Calculate the greatest common divisor of 18 and k.
9
Suppose 2*a - 20 = -2*a - 2*s, 0 = a + 5*s + 4. Let o = 6 - 8. Let i be 3/(-6)*o - -53. Calculate the highest common divisor of i and a.
6
Let l be (2 - -2)/(-2) - -2. Suppose l = -7*b + 3*b + 108. Suppose 0 = 3*k - 0*k - 27. What is the greatest common factor of k and b?
9
Suppose -4*q = -4*x + 12, 3*x + 3*q - 5 = 4*x. Calculate the greatest common divisor of x and 28.
7
Let j = 4 - -6. Let l(n) = -n + 2. Let g be l(-2). What is the highest common factor of g and j?
2
Let o(w) = -w**2 - 9*w - 5. Let t be o(-7). Let c be ((-7)/(-4))/((-2)/(-72)). Calculate the highest common divisor of c and t.
9
Let b = -10 - -26. Calculate the greatest common factor of 16 and b.
16
Let u(z) = -z**3 - 6*z**2 + 5*z - 10. Let d be u(-7). Let h(r) = 13*r - 4. Let a be h(d). Suppose 5*p - 3*p = a. What is the highest common divisor of 16 and p?
8
Let u = -11 - -18. Suppose 5 = f - u. Let v be -2 - (-5 + (4 - 7)). Calculate the greatest common divisor of v and f.
6
Suppose -3*s = -3*m - 36, -s - 4 = -3*s - 3*m. Let p = -502 - -503. What is the greatest common factor of p and s?
1
Suppose -117 - 62 = -y. Let n = -123 + y. Calculate the greatest common factor of 14 and n.
14
Suppose -u + 3*u = 0. Suppose -y + 70 = 3*t, -5*y = -2*t - u*t + 58. What is the greatest common factor of t and 8?
8
Let s = -1 + 16. Calculate the highest common divisor of 15 and s.
15
Let n = 4 - -7. Calculate the greatest common divisor of 1 and n.
1
Let y be 0 + (-5)/1*-1. Suppose -y*r + 49 = -11. Let h(d) = 2*d - 7. Let o be h(5). What is the greatest common factor of o and r?
3
Let a = 26 + -17. Calculate the greatest common factor of 27 and a.
9
Let o(k) = k**3 - 10*k**2 + 2*k - 11. Let n = 25 + -15. Let d = n + 0. Let a be o(d). What is the greatest common divisor of a and 36?
9
Let z be (-12)/(-96) + 1245/24. Calculate the highest common divisor of z and 91.
13
Let k be (16/5)/((-6)/(-15)). Suppose -5*n + 3*n + k = 0. Calculate the greatest common factor of n and 20.
4
Suppose -5*n = -2*n. Let h = 3 + n. Suppose -39 = -2*i - d, 3*i - 7*i = 4*d - 72. Calculate the greatest common divisor of i and h.
3
Let y = 15 + -12. Calculate the highest common factor of 21 and y.
3
Let i(p) = 5*p**2 - 3*p + 6. Suppose -6*a = -a - 30. Let z be i(a). What is the highest common divisor of z and 21?
21
Suppose -5*b - 4 + 3 = d, 4*d - 12 = -4*b. Let l be 14/7*(33 + b). What is the highe